{"id":20859,"date":"2025-06-29T16:16:23","date_gmt":"2025-06-29T14:16:23","guid":{"rendered":"\/home\/lfpalma\/public_html\/wp-content\/uploads\/job-manager-uploads\/company_logo\/2025\/06\/livre23.jpg"},"modified":"2025-06-29T16:16:23","modified_gmt":"2025-06-29T14:16:23","slug":"histoire-geographie-emc-3e-cycle-4-livre-de-leleve-2","status":"inherit","type":"attachment","link":"https:\/\/lfipalma.es\/fr\/histoire-geographie-emc-3e-cycle-4-livre-de-leleve-2\/","title":{"rendered":"Histoire-G\u00e9ographie EMC 3e cycle 4: Livre de l&#8217;\u00e9l\u00e8ve"},"author":99,"featured_media":0,"comment_status":"open","ping_status":"closed","template":"","meta":{"_monsterinsights_skip_tracking":false,"_monsterinsights_sitenote_active":false,"_monsterinsights_sitenote_note":"","_monsterinsights_sitenote_category":0,"_uf_show_specific_survey":0,"_uf_disable_surveys":false},"aioseo_notices":[],"description":{"rendered":"<p class=\"attachment\"><a href='https:\/\/lfipalma.es\/wp-content\/uploads\/job-manager-uploads\/company_logo\/2025\/06\/livre23.jpg'><img fetchpriority=\"high\" decoding=\"async\" width=\"225\" height=\"300\" src=\"https:\/\/lfipalma.es\/wp-content\/uploads\/job-manager-uploads\/company_logo\/2025\/06\/livre23-225x300.jpg\" class=\"attachment-medium size-medium\" alt=\"\" srcset=\"https:\/\/lfipalma.es\/wp-content\/uploads\/job-manager-uploads\/company_logo\/2025\/06\/livre23-225x300.jpg 225w, https:\/\/lfipalma.es\/wp-content\/uploads\/job-manager-uploads\/company_logo\/2025\/06\/livre23.jpg 480w\" sizes=\"(max-width: 225px) 100vw, 225px\" \/><\/a><\/p>\n"},"caption":{"rendered":""},"alt_text":"","media_type":"image","mime_type":"image\/jpeg","media_details":{"width":480,"height":640,"file":"job-manager-uploads\/company_logo\/2025\/06\/livre23.jpg","filesize":120205,"sizes":{"medium":{"file":"livre23-225x300.jpg","width":225,"height":300,"filesize":21296,"mime_type":"image\/jpeg","source_url":"https:\/\/lfipalma.es\/wp-content\/uploads\/job-manager-uploads\/company_logo\/2025\/06\/livre23-225x300.jpg"},"thumbnail":{"file":"livre23-150x150.jpg","width":150,"height":150,"filesize":8783,"mime_type":"image\/jpeg","source_url":"https:\/\/lfipalma.es\/wp-content\/uploads\/job-manager-uploads\/company_logo\/2025\/06\/livre23-150x150.jpg"},"enfant-square-thumb":{"file":"livre23-300x300.jpg","width":300,"height":300,"filesize":26925,"mime_type":"image\/jpeg","source_url":"https:\/\/lfipalma.es\/wp-content\/uploads\/job-manager-uploads\/company_logo\/2025\/06\/livre23-300x300.jpg"},"enfant-blog-full":{"file":"livre23-480x560.jpg","width":480,"height":560,"filesize":92949,"mime_type":"image\/jpeg","source_url":"https:\/\/lfipalma.es\/wp-content\/uploads\/job-manager-uploads\/company_logo\/2025\/06\/livre23-480x560.jpg"},"enfant-4-3":{"file":"livre23-480x450.jpg","width":480,"height":450,"filesize":66149,"mime_type":"image\/jpeg","source_url":"https:\/\/lfipalma.es\/wp-content\/uploads\/job-manager-uploads\/company_logo\/2025\/06\/livre23-480x450.jpg"},"enfant-square-big":{"file":"livre23-480x600.jpg","width":480,"height":600,"filesize":84578,"mime_type":"image\/jpeg","source_url":"https:\/\/lfipalma.es\/wp-content\/uploads\/job-manager-uploads\/company_logo\/2025\/06\/livre23-480x600.jpg"},"enfant-wide":{"file":"livre23-480x300.jpg","width":480,"height":300,"filesize":42541,"mime_type":"image\/jpeg","source_url":"https:\/\/lfipalma.es\/wp-content\/uploads\/job-manager-uploads\/company_logo\/2025\/06\/livre23-480x300.jpg"},"full":{"file":"livre23.jpg","width":480,"height":640,"mime_type":"image\/jpeg","source_url":"https:\/\/lfipalma.es\/wp-content\/uploads\/job-manager-uploads\/company_logo\/2025\/06\/livre23.jpg"}},"image_meta":{"aperture":"0","credit":"","camera":"","caption":"","created_timestamp":"0","copyright":"","focal_length":"0","iso":"0","shutter_speed":"0","title":"","orientation":"0","keywords":[]}},"post":null,"source_url":"https:\/\/lfipalma.es\/wp-content\/uploads\/job-manager-uploads\/company_logo\/2025\/06\/livre23.jpg","_links":{"self":[{"href":"https:\/\/lfipalma.es\/fr\/wp-json\/wp\/v2\/media\/20859"}],"collection":[{"href":"https:\/\/lfipalma.es\/fr\/wp-json\/wp\/v2\/media"}],"about":[{"href":"https:\/\/lfipalma.es\/fr\/wp-json\/wp\/v2\/types\/attachment"}],"author":[{"embeddable":true,"href":"https:\/\/lfipalma.es\/fr\/wp-json\/wp\/v2\/users\/99"}],"replies":[{"embeddable":true,"href":"https:\/\/lfipalma.es\/fr\/wp-json\/wp\/v2\/comments?post=20859"}]}}

Histoire-Géographie EMC 3e cycle 4: Livre de l&#8217;élève
