{"id":7702,"date":"2019-04-11T12:08:44","date_gmt":"2019-04-11T12:08:44","guid":{"rendered":"https:\/\/lfipalma.es\/?page_id=7702"},"modified":"2021-10-15T12:14:05","modified_gmt":"2021-10-15T10:14:05","slug":"nouveau-centre","status":"publish","type":"page","link":"https:\/\/lfipalma.es\/fr\/nouveau-centre\/","title":{"rendered":"Nouveau Lyc\u00e9e &#8211; Sa Teulera"},"content":{"rendered":"<p>[vc_row][vc_column][vc_single_image image=\u00a0\u00bb14323&Prime; img_size=\u00a0\u00bbfull\u00a0\u00bb][vc_column_text]<span style=\"font-weight: 400;\">Le nouveau lyc\u00e9e sera construit sur un terrain de 9700 m2 et aura une surface construite de plus de 5 500 m2 r\u00e9partis sur deux niveaux accessibles aux personnes handicap\u00e9es et plus de 4 000 m2 de surface bois\u00e9e ouverte.<\/span>[\/vc_column_text][vc_video link=\u00a0\u00bbhttps:\/\/www.youtube.com\/watch?v=ly5_CTPt7Ic\u00a0\u00bb align=\u00a0\u00bbcenter\u00a0\u00bb][vc_video link=\u00a0\u00bbhttps:\/\/www.youtube.com\/watch?v=mYstNW3uQpQ\u00a0\u00bb align=\u00a0\u00bbcenter\u00a0\u00bb][vc_column_text]<span style=\"font-weight: 400;\">Le nouveau lyc\u00e9e fran\u00e7ais de Palma accueillera environ 750 \u00e9l\u00e8ves. Il sera \u00e9quip\u00e9 d\u2019une m\u00e9diath\u00e8que, salle de projection, ateliers de dessin, laboratoires cientifiques et informatiques, salle de restauration scolaire, gymnase et salle de spectacle, salle de r\u00e9union, espaces d&rsquo;enseignement, pistes ext\u00e9rieures, mur d&rsquo;escalade et aires de loisirs pour les \u00e9l\u00e8ves. De plus, il disposera d&rsquo;un parking priv\u00e9 pour les usagers, tout en permettant a circulation des v\u00e9hicules \u00e0 l&rsquo;int\u00e9rieur du site en toute s\u00e9curit\u00e9 pour les \u00e9l\u00e8ves et sans cr\u00e9er de probl\u00e8me de circulation dans la zone.<\/span><span style=\"font-weight: 400;\"><br \/>\n<\/span>[\/vc_column_text][vc_column_text]<span style=\"font-weight: 400;\">La conception du nouvel \u00e9tablissement \u00e9t\u00e9 fond\u00e9e sur le respect de l&rsquo;environnement urbain existant, l&rsquo;int\u00e9gration du paysage et la coexistence avec les \u00e9l\u00e9ments naturels. Pour cette raison, le b\u00e2timent a \u00e9t\u00e9 con\u00e7u pour cr\u00e9er une sensation de moindre hauteur afin de ne pas rompre avec l&rsquo;esth\u00e9tique du paysage.<\/span><span style=\"font-weight: 400;\"><br \/>\n<\/span>[\/vc_column_text][vc_single_image image=\u00a0\u00bb14331&Prime; img_size=\u00a0\u00bbfull\u00a0\u00bb][vc_column_text]<\/p>\n<h3>CALENDRIER<\/h3>\n<p>[\/vc_column_text][vc_column_text]<\/p>\n<ul>\n<li class=\"p2\">Fin f\u00e9vrier 2021 : fin des travaux de construction des b\u00e2timents et trois semaines de nettoyage et d\u2019am\u00e9nagement des espaces ext\u00e9rieurs.<\/li>\n<li class=\"p2\">Mi-mars : r\u00e9ception du chantier par la Mission la\u00efque fran\u00e7aise.<\/li>\n<li class=\"p2\">A partir du 15 mars : visites et inspections du Service de l\u2019Urbanisme, des services de s\u00e9curit\u00e9 et de la <i>Conselleria d\u2019Educaci\u00f3<\/i>.<\/li>\n<li class=\"p2\">D\u00e8s obtention des trois permis : d\u00e9m\u00e9nagement du lyc\u00e9e entre mai et aout 2021.<span style=\"font-weight: 400;\"><br \/>\n<\/span><\/li>\n<\/ul>\n<p>[\/vc_column_text][vc_column_text]<\/p>\n<h3>\u00c9QUIPEMENTS MOBILIERS<\/h3>\n<p>[\/vc_column_text][vc_column_text]<\/p>\n<ul>\n<li>Mai 2019-Juillet 2020\u00a0: Elaboration du cahier des charges (groupes de travail)<\/li>\n<li>Septembre\/Octobre 2020\u00a0: Appel d\u2019offre aupr\u00e8s de cinq entreprises, trois fran\u00e7aises et deux espagnoles. Les march\u00e9s ont \u00e9t\u00e9 attribu\u00e9s \u00e0\n<ul>\n<li>HERMEX pour les \u00e9quipements de maternelle et \u00e9l\u00e9mentaire<\/li>\n<li>LDE pour les \u00e9quipements secondaires et espaces communs.<\/li>\n<\/ul>\n<\/li>\n<li>15 au 30 mars 2021\u00a0: Installation pr\u00e9vue<\/li>\n<\/ul>\n<p>[\/vc_column_text][vc_column_text]<\/p>\n<h3>RESTAURATION SCOLAIRE<\/h3>\n<p>[\/vc_column_text][vc_column_text]Appel d\u2019offre en deux \u00e9tapes\u00a0:<\/p>\n<ul>\n<li>\u00c9laboration du cahier des charges par <a href=\"https:\/\/www.menjadorsecologics.cat\/quienes-somos-y-que-hacemos\/\">Menjadors Ecologics<\/a>, sur la base des propositions faites par la commission Restauration Scolaire du lyc\u00e9e.<\/li>\n<li>Mars 2020\u00a0: lancement de l\u2019appel d\u2019offre aupr\u00e8s de sept entreprises, dont nos deux partenaires actuels, Las Ruedas et le Centro Aragon\u00e9s.<\/li>\n<li>Analyse des offres selon les crit\u00e8res suivants\u00a0:\n<ul>\n<li style=\"list-style-type: none;\">\n<ul>\n<li>\u00c9laboration sur site<\/li>\n<li>Qualit\u00e9 di\u00e9t\u00e9tique des menus<\/li>\n<li>Utilisation de produits bio<\/li>\n<li>Utilisation de produits locaux<\/li>\n<li>Proposition d\u2019am\u00e9lioration du projet de cuisine<\/li>\n<\/ul>\n<\/li>\n<\/ul>\n<\/li>\n<li>Mai 2020\u00a0: choix des trois meilleures offres qualitatives<\/li>\n<li>Septembre 2020\u00a0: mise en concurrence \u00e9conomique des deux meilleures offres<\/li>\n<li>Novembre 2020\u00a0: Choix final de l\u2019entreprise <a href=\"http:\/\/www.colevisa.es\/\">COLEVISA<\/a>.<\/li>\n<\/ul>\n<p>[\/vc_column_text][vc_empty_space height=\u00a0\u00bb12px\u00a0\u00bb][\/vc_column][\/vc_row][vc_row][vc_column][vc_images_carousel images=\u00a0\u00bb14329,14315,14331,14323,14327,14325,14321,14319,14317&Prime; img_size=\u00a0\u00bbfull\u00a0\u00bb][vc_empty_space height=\u00a0\u00bb22px\u00a0\u00bb][\/vc_column][\/vc_row][vc_row disable_element=\u00a0\u00bbyes\u00a0\u00bb][vc_column][vc_images_carousel images=\u00a0\u00bb12331,12335,12337,12333,12339,11767,11771,11769,11773,11531,11533,11529,11001,10999,10889,10891,9467,9465,10546,10544,10542,9463,9461,9459&Prime; img_size=\u00a0\u00bbfull\u00a0\u00bb][vc_empty_space height=\u00a0\u00bb22px\u00a0\u00bb][\/vc_column][\/vc_row]<\/p>\n","protected":false},"excerpt":{"rendered":"<p>[vc_row][vc_column][vc_single_image image=\u00a0\u00bb14323&Prime; img_size=\u00a0\u00bbfull\u00a0\u00bb][vc_column_text]Le nouveau lyc\u00e9e sera construit sur un terrain de 9700 m2 et aura une surface construite de plus de 5 500 m2 r\u00e9partis sur deux niveaux accessibles aux personnes handicap\u00e9es et plus de 4 000 m2 de surface bois\u00e9e ouverte.[\/vc_column_text][vc_video link=\u00a0\u00bbhttps:\/\/www.youtube.com\/watch?v=ly5_CTPt7Ic\u00a0\u00bb align=\u00a0\u00bbcenter\u00a0\u00bb][vc_video link=\u00a0\u00bbhttps:\/\/www.youtube.com\/watch?v=mYstNW3uQpQ\u00a0\u00bb align=\u00a0\u00bbcenter\u00a0\u00bb][vc_column_text]Le nouveau lyc\u00e9e fran\u00e7ais de Palma accueillera environ 750 \u00e9l\u00e8ves. [&hellip;]<\/p>\n","protected":false},"author":1,"featured_media":0,"parent":0,"menu_order":0,"comment_status":"closed","ping_status":"closed","template":"","meta":{"_monsterinsights_skip_tracking":false,"_monsterinsights_sitenote_active":false,"_monsterinsights_sitenote_note":"","_monsterinsights_sitenote_category":0,"_uf_show_specific_survey":0,"_uf_disable_surveys":false,"footnotes":""},"aioseo_notices":[],"_links":{"self":[{"href":"https:\/\/lfipalma.es\/fr\/wp-json\/wp\/v2\/pages\/7702"}],"collection":[{"href":"https:\/\/lfipalma.es\/fr\/wp-json\/wp\/v2\/pages"}],"about":[{"href":"https:\/\/lfipalma.es\/fr\/wp-json\/wp\/v2\/types\/page"}],"author":[{"embeddable":true,"href":"https:\/\/lfipalma.es\/fr\/wp-json\/wp\/v2\/users\/1"}],"replies":[{"embeddable":true,"href":"https:\/\/lfipalma.es\/fr\/wp-json\/wp\/v2\/comments?post=7702"}],"version-history":[{"count":0,"href":"https:\/\/lfipalma.es\/fr\/wp-json\/wp\/v2\/pages\/7702\/revisions"}],"wp:attachment":[{"href":"https:\/\/lfipalma.es\/fr\/wp-json\/wp\/v2\/media?parent=7702"}],"curies":[{"name":"wp","href":"https:\/\/api.w.org\/{rel}","templated":true}]}}

Nouveau Lycée &#8211; Sa Teulera

<p>[vc_row][vc_column][vc_single_image image= »14323&Prime; img_size= »full »][vc_column_text]<span style="font-weight: 400;">Le nouveau lycée sera construit sur un terrain de 9700 m2 et aura une surface construite de plus de 5 500 m2 répartis sur deux niveaux accessibles aux personnes handicapées et plus de 4 000 m2 de surface boisée ouverte.</span>[/vc_column_text][vc_video link= »https://www.youtube.com/watch?v=ly5_CTPt7Ic » align= »center »][vc_video link= »https://www.youtube.com/watch?v=mYstNW3uQpQ » align= »center »][vc_column_text]<span style="font-weight: 400;">Le nouveau lycée français de Palma accueillera environ 750 élèves. Il sera équipé d’une médiathèque, salle de projection, ateliers de dessin, laboratoires cientifiques et informatiques, salle de restauration scolaire, gymnase et salle de spectacle, salle de réunion, espaces d&rsquo;enseignement, pistes extérieures, mur d&rsquo;escalade et aires de loisirs pour les élèves. De plus, il disposera d&rsquo;un parking privé pour les usagers, tout en permettant a circulation des véhicules à l&rsquo;intérieur du site en toute sécurité pour les élèves et sans créer de problème de circulation dans la zone.</span><span style="font-weight: 400;"><br />
</span>[/vc_column_text][vc_column_text]<span style="font-weight: 400;">La conception du nouvel établissement été fondée sur le respect de l&rsquo;environnement urbain existant, l&rsquo;intégration du paysage et la coexistence avec les éléments naturels. Pour cette raison, le bâtiment a été conçu pour créer une sensation de moindre hauteur afin de ne pas rompre avec l&rsquo;esthétique du paysage.</span><span style="font-weight: 400;"><br />
</span>[/vc_column_text][vc_single_image image= »14331&Prime; img_size= »full »][vc_column_text]</p>
<h3>CALENDRIER</h3>
<p>[/vc_column_text][vc_column_text]</p>
<ul>
<li class="p2">Fin février 2021 : fin des travaux de construction des bâtiments et trois semaines de nettoyage et d’aménagement des espaces extérieurs.</li>
<li class="p2">Mi-mars : réception du chantier par la Mission laïque française.</li>
<li class="p2">A partir du 15 mars : visites et inspections du Service de l’Urbanisme, des services de sécurité et de la <i>Conselleria d’Educació</i>.</li>
<li class="p2">Dès obtention des trois permis : déménagement du lycée entre mai et aout 2021.<span style="font-weight: 400;"><br />
</span></li>
</ul>
<p>[/vc_column_text][vc_column_text]</p>
<h3>ÉQUIPEMENTS MOBILIERS</h3>
<p>[/vc_column_text][vc_column_text]</p>
<ul>
<li>Mai 2019-Juillet 2020 : Elaboration du cahier des charges (groupes de travail)</li>
<li>Septembre/Octobre 2020 : Appel d’offre auprès de cinq entreprises, trois françaises et deux espagnoles. Les marchés ont été attribués à
<ul>
<li>HERMEX pour les équipements de maternelle et élémentaire</li>
<li>LDE pour les équipements secondaires et espaces communs.</li>
</ul>
</li>
<li>15 au 30 mars 2021 : Installation prévue</li>
</ul>
<p>[/vc_column_text][vc_column_text]</p>
<h3>RESTAURATION SCOLAIRE</h3>
<p>[/vc_column_text][vc_column_text]Appel d’offre en deux étapes :</p>
<ul>
<li>Élaboration du cahier des charges par <a href="https://www.menjadorsecologics.cat/quienes-somos-y-que-hacemos/">Menjadors Ecologics</a>, sur la base des propositions faites par la commission Restauration Scolaire du lycée.</li>
<li>Mars 2020 : lancement de l’appel d’offre auprès de sept entreprises, dont nos deux partenaires actuels, Las Ruedas et le Centro Aragonés.</li>
<li>Analyse des offres selon les critères suivants :
<ul>
<li style="list-style-type: none;">
<ul>
<li>Élaboration sur site</li>
<li>Qualité diététique des menus</li>
<li>Utilisation de produits bio</li>
<li>Utilisation de produits locaux</li>
<li>Proposition d’amélioration du projet de cuisine</li>
</ul>
</li>
</ul>
</li>
<li>Mai 2020 : choix des trois meilleures offres qualitatives</li>
<li>Septembre 2020 : mise en concurrence économique des deux meilleures offres</li>
<li>Novembre 2020 : Choix final de l’entreprise <a href="http://www.colevisa.es/">COLEVISA</a>.</li>
</ul>
<p>[/vc_column_text][vc_empty_space height= »12px »][/vc_column][/vc_row][vc_row][vc_column][vc_images_carousel images= »14329,14315,14331,14323,14327,14325,14321,14319,14317&Prime; img_size= »full »][vc_empty_space height= »22px »][/vc_column][/vc_row][vc_row disable_element= »yes »][vc_column][vc_images_carousel images= »12331,12335,12337,12333,12339,11767,11771,11769,11773,11531,11533,11529,11001,10999,10889,10891,9467,9465,10546,10544,10542,9463,9461,9459&Prime; img_size= »full »][vc_empty_space height= »22px »][/vc_column][/vc_row]</p>

<p>[vc_row][vc_column][vc_single_image image= »14323&Prime; img_size= »full »][vc_column_text]Le nouveau lycée sera construit sur un terrain de 9700 m2 et aura une surface construite de plus de 5 500 m2 répartis sur deux niveaux accessibles aux personnes handicapées et plus de 4 000 m2 de surface boisée ouverte.[/vc_column_text][vc_video link= »https://www.youtube.com/watch?v=ly5_CTPt7Ic » align= »center »][vc_video link= »https://www.youtube.com/watch?v=mYstNW3uQpQ » align= »center »][vc_column_text]Le nouveau lycée français de Palma accueillera environ 750 élèves. [&hellip;]</p>
